714.
2, 3, 1619
List the prime factors of 859.
859
List the prime factors of 493.
17, 29
List the prime factors of 2131.
2131
List the prime factors of 2267.
2267
What are the prime factors of 42474?
2, 3, 7079
What are the prime factors of 15777?
3, 1753
List the prime factors of 57705.
3, 5, 3847
What are the prime factors of 850?
2, 5, 17
What are the prime factors of 6654?
2, 3, 1109
What are the prime factors of 1304?
2, 163
List the prime factors of 306.
2, 3, 17
List the prime factors of 644.
2, 7, 23
List the prime factors of 116.
2, 29
List the prime factors of 89603.
89603
List the prime factors of 40179.
3, 59, 227
What are the prime factors of 6069?
3, 7, 17
What are the prime factors of 794?
2, 397
What are the prime factors of 5056?
2, 79
List the prime factors of 18952.
2, 23, 103
What are the prime factors of 3607?
3607
List the prime factors of 2019.
3, 673
List the prime factors of 28069.
28069
What are the prime factors of 9149?
7, 1307
List the prime factors of 264.
2, 3, 11
List the prime factors of 10103.
10103
List the prime factors of 53209.
13, 4093
What are the prime factors of 14746?
2, 73, 101
List the prime factors of 45480.
2, 3, 5, 379
List the prime factors of 394.
2, 197
List the prime factors of 2240.
2, 5, 7
List the prime factors of 806.
2, 13, 31
List the prime factors of 27233.
113, 241
List the prime factors of 23555.
5, 7, 673
List the prime factors of 1347.
3, 449
What are the prime factors of 4148?
2, 17, 61
What are the prime factors of 5013?
3, 557
What are the prime factors of 733?
733
What are the prime factors of 62481?
3, 59, 353
What are the prime factors of 1261?
13, 97
List the prime factors of 35694.
2, 3, 661
What are the prime factors of 44403?
3, 19, 41
What are the prime factors of 3178?
2, 7, 227
List the prime factors of 642.
2, 3, 107
List the prime factors of 565.
5, 113
What are the prime factors of 40226?
2, 20113
List the prime factors of 539.
7, 11
What are the prime factors of 29042?
2, 13, 1117
List the prime factors of 271.
271
List the prime factors of 761.
761
List the prime factors of 2612.
2, 653
List the prime factors of 1134.
2, 3, 7
What are the prime factors of 6739?
23, 293
What are the prime factors of 1766?
2, 883
What are the prime factors of 6765?
3, 5, 11, 41
What are the prime factors of 110580?
2, 3, 5, 19, 97
List the prime factors of 1006.
2, 503
List the prime factors of 2528.
2, 79
What are the prime factors of 19094?
2, 9547
List the prime factors of 6404.
2, 1601
List the prime factors of 2431.
11, 13, 17
List the prime factors of 2914.
2, 31, 47
What are the prime factors of 773?
773
List the prime factors of 32874.
2, 3, 5479
List the prime factors of 358.
2, 179
List the prime factors of 1275.
3, 5, 17
List the prime factors of 76274.
2, 11, 3467
What are the prime factors of 1116?
2, 3, 31
What are the prime factors of 50305?
5, 10061
List the prime factors of 869.
11, 79
List the prime factors of 65892.
2, 3, 17, 19
List the prime factors of 17335.
5, 3467
List the prime factors of 1392.
2, 3, 29
What are the prime factors of 1080?
2, 3, 5
What are the prime factors of 335?
5, 67
List the prime factors of 43220.
2, 5, 2161
What are the prime factors of 2264?
2, 283
List the prime factors of 1945.
5, 389
What are the prime factors of 73457?
17, 29, 149
List the prime factors of 91.
7, 13
List the prime factors of 67570.
2, 5, 29, 233
List the prime factors of 101119.
101119
What are the prime factors of 12123?
3, 449
What are the prime factors of 12369?
3, 7, 19, 31
List the prime factors of 4005.
3, 5, 89
What are the prime factors of 1239?
3, 7, 59
List the prime factors of 65.
5, 13
List the prime factors of 25958.
2, 12979
List the prime factors of 1165.
5, 233
List the prime factors of 986.
2, 17, 29
List the prime factors of 641.
641
What are the prime factors of 28856?
2, 3607
What are the prime factors of 26529?
3, 37, 239
What are the prime factors of 998?
2, 499
What are the prime factors of 897?
3, 13, 23
What are the prime factors of 5953?
5953
List the prime factors of 15884.
2, 11, 19
What are the prime factors of 1038?
2, 3, 173
List the prime factors of 2021.
43, 47
List the prime factors of 46452.
2, 3, 7, 79
List the prime factors of 28928.
2, 113
What are the prime factors of 1796?
2, 449
What are the prime factors of 3468?
2, 3, 17
List the prime factors of 8349.
3, 11, 23
List the prime factors of 3789.
3, 421
List the prime factors of 988.
2, 13, 19
List the prime factors of 12802.
2, 37, 173
What are the prime factors of 118962?
2, 3, 2203
List the prime factors of 961.
31
List the prime factors of 13469.
13469
List the prime factors of 2990.
2, 5, 13, 23
What are the prime factors of 1505?
5, 7, 43
What are the prime factors of 2226?
2, 3, 7, 53
List the prime factors of 1655.
5, 331
What are the prime factors of 599?
599
List the prime factors of 52535.
5, 7, 19, 79
What are the prime factors of 7823?
7823
What are the prime factors of 4069?
13, 313
List the prime factors of 14388.
2, 3, 11, 109
What are the prime factors of 22115?
5, 4423
List the prime factors of 101306.
2, 37
What are the prime factors of 57548?
2, 14387
List the prime factors of 56433.
3, 13, 1447
What are the prime factors of 8580?
2, 3, 5, 11, 13
What are the prime factors of 61919?
11, 13, 433
List the prime factors of 6054.
2, 3, 1009
What are the prime factors of 245?
5, 7
What are the prime factors of 23514?
2, 3, 3919
List the prime factors of 441.
3, 7
List the prime factors of 98008.
2, 12251
List the prime factors of 116427.
3, 197
What are the prime factors of 2315?
5, 463
List the prime factors of 41757.
3, 31, 449
List the prime factors of 216.
2, 3
List the prime factors of 911.
911
What are the prime factors of 5594?
2, 2797
What are the prime factors of 1480?
2, 5, 37
What are the prime factors of 8136?
2, 3, 113
What are the prime factors of 12811?
23, 557
List the prime factors of 17287.
59, 293
List the prime factors of 9849.
3, 7, 67
List the prime factors of 578.
2, 17
What are the prime factors of 14499?
3, 179
What are the prime factors of 1107?
3, 41
List the prime factors of 1249.
1249
List the prime factors of 4215.
3, 5, 281
What are the prime factors of 6762?
2, 3, 7, 23
What are the prime factors of 161563?
161563
List the prime factors of 30277.
13, 17, 137
What are the prime factors of 40261?
13, 19, 163
What are the prime factors of 4810?
2, 5, 13, 37
What are the prime factors of 3771?
3, 419
What are the prime factors of 4077?
3, 151
What are the prime factors of 53326?
2, 7, 13, 293
List the prime factors of 11079.
3, 1231
What are the prime factors of 42396?
2, 3, 3533
What are the prime factors of 8397?
3, 311
What are the prime factors of 3116?
2, 19, 41
List the prime factors of 9259.
47, 197
List the prime factors of 99707.
99707
What are the prime factors of 6562?
2, 17, 193
List the prime factors of 9345.
3, 5, 7, 89
What are the prime factors of 168944?
2, 10559
What are the prime factors of 5232?
2, 3, 109
What are the prime factors of 4820?
2, 5, 241
What are the prime factors of 30350?
2, 5, 607
What are the prime factors of 14597?
11, 1327
List the prime factors of 8538.
2, 3, 1423
List the prime factors of 782.
2, 17, 23
List the prime factors of 629.
17, 37
List the prime factors of 4245.
3, 5, 283
List the prime factors of 17213.
7, 2459
List the prime factors of 515.
5, 103
List the prime factors of 5384.
2, 673
List the prime factors of 878.
2, 439
What are the prime factors of 3945?
3, 5, 263
What are the prime factors of 183595?
5, 73, 503
What are the prime factors of 1161?
3, 43
What are the prime factors of 10191?
3, 43, 79
List the prime factors of 21004.
2, 59, 89
List the prime factors of 11048.
2, 1381
List the prime factors of 418.
2, 11, 19
List the prime factors of 3921.
3, 1307
List the prime factors of 10334.
2, 5167
List the prime factors of 822.
2, 3, 137
What are the prime factors of 364?
2, 7, 13
What are the prime factors of 903?
3, 7, 43
What are the prime factors of 1985?
5, 397
What are the prime factors of 20226?
2, 3, 3371
What are the prime factors of 4961?
11, 41
What are the prime factors of 45029?
37, 1217
List the prime factors of 160.
2, 5
What are the prime factors of 12